{"id":575,"date":"2021-04-26T11:14:18","date_gmt":"2021-04-26T09:14:18","guid":{"rendered":"http:\/\/sandbergvvs.se\/?page_id=575"},"modified":"2021-04-28T10:12:33","modified_gmt":"2021-04-28T08:12:33","slug":"rot","status":"publish","type":"page","link":"https:\/\/sandbergvvs.se\/?page_id=575","title":{"rendered":"ROT"},"content":{"rendered":"<div class=\"fusion-fullwidth fullwidth-box fusion-builder-row-1 fusion-flex-container nonhundred-percent-fullwidth non-hundred-percent-height-scrolling\" style=\"background-color: #ffffff;background-position: center center;background-repeat: no-repeat;border-width: 0px 0px 0px 0px;border-color:#eae9e9;border-style:solid;\" ><div class=\"fusion-builder-row fusion-row fusion-flex-align-items-flex-start\" style=\"max-width:1263.6px;margin-left: calc(-4% \/ 2 );margin-right: calc(-4% \/ 2 );\"><div class=\"fusion-layout-column fusion_builder_column fusion-builder-column-0 fusion_builder_column_1_1 1_1 fusion-flex-column\"><div class=\"fusion-column-wrapper fusion-flex-justify-content-flex-start fusion-content-layout-column\" style=\"background-position:left top;background-repeat:no-repeat;-webkit-background-size:cover;-moz-background-size:cover;-o-background-size:cover;background-size:cover;padding: 0px 0px 0px 0px;\"><div class=\"fusion-text fusion-text-1\"><p style=\"font-size: 20px; text-align: center;\">V\u00e5ra arbeten gentemot privatpersoner \u00e4r avdragsgilla enligt g\u00e4llande ROT-lagstiftning, l\u00e4s mer hos <a href=\"https:\/\/www.skatteverket.se\/privat\/fastigheterochbostad\/rotochrutarbete.4.2e56d4ba1202f95012080002966.html\">skatteverket<\/a>.<\/p>\n<\/div><\/div><style type=\"text\/css\">.fusion-body .fusion-builder-column-0{width:100% !important;margin-top : 0px;margin-bottom : 20px;}.fusion-builder-column-0 > .fusion-column-wrapper {padding-top : 0px !important;padding-right : 0px !important;margin-right : 1.92%;padding-bottom : 0px !important;padding-left : 0px !important;margin-left : 1.92%;}@media only screen and (max-width:1100px) {.fusion-body .fusion-builder-column-0{width:100% !important;order : 0;}.fusion-builder-column-0 > .fusion-column-wrapper {margin-right : 1.92%;margin-left : 1.92%;}}@media only screen and (max-width:640px) {.fusion-body .fusion-builder-column-0{width:100% !important;order : 0;}.fusion-builder-column-0 > .fusion-column-wrapper {margin-right : 1.92%;margin-left : 1.92%;}}<\/style><\/div><\/div><style type=\"text\/css\">.fusion-body .fusion-flex-container.fusion-builder-row-1{ padding-top : 80px;margin-top : -100px;padding-right : 10px;padding-bottom : 80px;margin-bottom : 0px;padding-left : 10px;}<\/style><\/div>\n","protected":false},"excerpt":{"rendered":"","protected":false},"author":1,"featured_media":0,"parent":0,"menu_order":0,"comment_status":"closed","ping_status":"closed","template":"","meta":{"footnotes":""},"class_list":["post-575","page","type-page","status-publish","hentry"],"yoast_head":"<!-- This site is optimized with the Yoast SEO plugin v24.8.1 - https:\/\/yoast.com\/wordpress\/plugins\/seo\/ -->\n<title>ROT - Sandberg VVS AB<\/title>\n<meta name=\"robots\" content=\"index, follow, max-snippet:-1, max-image-preview:large, max-video-preview:-1\" \/>\n<link rel=\"canonical\" href=\"https:\/\/sandbergvvs.se\/?page_id=575\" \/>\n<meta property=\"og:locale\" content=\"sv_SE\" \/>\n<meta property=\"og:type\" content=\"article\" \/>\n<meta property=\"og:title\" content=\"ROT - Sandberg VVS AB\" \/>\n<meta property=\"og:url\" content=\"https:\/\/sandbergvvs.se\/?page_id=575\" \/>\n<meta property=\"og:site_name\" content=\"Sandberg VVS AB\" \/>\n<meta property=\"article:modified_time\" content=\"2021-04-28T08:12:33+00:00\" \/>\n<meta name=\"twitter:card\" content=\"summary_large_image\" \/>\n<meta name=\"twitter:label1\" content=\"Ber\u00e4knad l\u00e4stid\" \/>\n\t<meta name=\"twitter:data1\" content=\"3 minuter\" \/>\n<script type=\"application\/ld+json\" class=\"yoast-schema-graph\">{\"@context\":\"https:\/\/schema.org\",\"@graph\":[{\"@type\":\"WebPage\",\"@id\":\"https:\/\/sandbergvvs.se\/?page_id=575\",\"url\":\"https:\/\/sandbergvvs.se\/?page_id=575\",\"name\":\"ROT - Sandberg VVS AB\",\"isPartOf\":{\"@id\":\"https:\/\/sandbergvvs.se\/#website\"},\"datePublished\":\"2021-04-26T09:14:18+00:00\",\"dateModified\":\"2021-04-28T08:12:33+00:00\",\"breadcrumb\":{\"@id\":\"https:\/\/sandbergvvs.se\/?page_id=575#breadcrumb\"},\"inLanguage\":\"sv-SE\",\"potentialAction\":[{\"@type\":\"ReadAction\",\"target\":[\"https:\/\/sandbergvvs.se\/?page_id=575\"]}]},{\"@type\":\"BreadcrumbList\",\"@id\":\"https:\/\/sandbergvvs.se\/?page_id=575#breadcrumb\",\"itemListElement\":[{\"@type\":\"ListItem\",\"position\":1,\"name\":\"Hem\",\"item\":\"https:\/\/sandbergvvs.se\/\"},{\"@type\":\"ListItem\",\"position\":2,\"name\":\"ROT\"}]},{\"@type\":\"WebSite\",\"@id\":\"https:\/\/sandbergvvs.se\/#website\",\"url\":\"https:\/\/sandbergvvs.se\/\",\"name\":\"Sandberg VVS AB\",\"description\":\"Allt inom VVS och v\u00e4rmepumpar\",\"potentialAction\":[{\"@type\":\"SearchAction\",\"target\":{\"@type\":\"EntryPoint\",\"urlTemplate\":\"https:\/\/sandbergvvs.se\/?s={search_term_string}\"},\"query-input\":{\"@type\":\"PropertyValueSpecification\",\"valueRequired\":true,\"valueName\":\"search_term_string\"}}],\"inLanguage\":\"sv-SE\"}]}<\/script>\n<!-- \/ Yoast SEO plugin. -->","yoast_head_json":{"title":"ROT - Sandberg VVS AB","robots":{"index":"index","follow":"follow","max-snippet":"max-snippet:-1","max-image-preview":"max-image-preview:large","max-video-preview":"max-video-preview:-1"},"canonical":"https:\/\/sandbergvvs.se\/?page_id=575","og_locale":"sv_SE","og_type":"article","og_title":"ROT - Sandberg VVS AB","og_url":"https:\/\/sandbergvvs.se\/?page_id=575","og_site_name":"Sandberg VVS AB","article_modified_time":"2021-04-28T08:12:33+00:00","twitter_card":"summary_large_image","twitter_misc":{"Ber\u00e4knad l\u00e4stid":"3 minuter"},"schema":{"@context":"https:\/\/schema.org","@graph":[{"@type":"WebPage","@id":"https:\/\/sandbergvvs.se\/?page_id=575","url":"https:\/\/sandbergvvs.se\/?page_id=575","name":"ROT - Sandberg VVS AB","isPartOf":{"@id":"https:\/\/sandbergvvs.se\/#website"},"datePublished":"2021-04-26T09:14:18+00:00","dateModified":"2021-04-28T08:12:33+00:00","breadcrumb":{"@id":"https:\/\/sandbergvvs.se\/?page_id=575#breadcrumb"},"inLanguage":"sv-SE","potentialAction":[{"@type":"ReadAction","target":["https:\/\/sandbergvvs.se\/?page_id=575"]}]},{"@type":"BreadcrumbList","@id":"https:\/\/sandbergvvs.se\/?page_id=575#breadcrumb","itemListElement":[{"@type":"ListItem","position":1,"name":"Hem","item":"https:\/\/sandbergvvs.se\/"},{"@type":"ListItem","position":2,"name":"ROT"}]},{"@type":"WebSite","@id":"https:\/\/sandbergvvs.se\/#website","url":"https:\/\/sandbergvvs.se\/","name":"Sandberg VVS AB","description":"Allt inom VVS och v\u00e4rmepumpar","potentialAction":[{"@type":"SearchAction","target":{"@type":"EntryPoint","urlTemplate":"https:\/\/sandbergvvs.se\/?s={search_term_string}"},"query-input":{"@type":"PropertyValueSpecification","valueRequired":true,"valueName":"search_term_string"}}],"inLanguage":"sv-SE"}]}},"_links":{"self":[{"href":"https:\/\/sandbergvvs.se\/index.php?rest_route=\/wp\/v2\/pages\/575","targetHints":{"allow":["GET"]}}],"collection":[{"href":"https:\/\/sandbergvvs.se\/index.php?rest_route=\/wp\/v2\/pages"}],"about":[{"href":"https:\/\/sandbergvvs.se\/index.php?rest_route=\/wp\/v2\/types\/page"}],"author":[{"embeddable":true,"href":"https:\/\/sandbergvvs.se\/index.php?rest_route=\/wp\/v2\/users\/1"}],"replies":[{"embeddable":true,"href":"https:\/\/sandbergvvs.se\/index.php?rest_route=%2Fwp%2Fv2%2Fcomments&post=575"}],"version-history":[{"count":3,"href":"https:\/\/sandbergvvs.se\/index.php?rest_route=\/wp\/v2\/pages\/575\/revisions"}],"predecessor-version":[{"id":724,"href":"https:\/\/sandbergvvs.se\/index.php?rest_route=\/wp\/v2\/pages\/575\/revisions\/724"}],"wp:attachment":[{"href":"https:\/\/sandbergvvs.se\/index.php?rest_route=%2Fwp%2Fv2%2Fmedia&parent=575"}],"curies":[{"name":"wp","href":"https:\/\/api.w.org\/{rel}","templated":true}]}}